{"id":66,"date":"2025-08-14T19:02:31","date_gmt":"2025-08-14T19:02:31","guid":{"rendered":"https:\/\/pflege-nagorsen.de\/wordpress\/?page_id=66"},"modified":"2025-08-15T18:30:51","modified_gmt":"2025-08-15T18:30:51","slug":"das-pflegeleitbild","status":"publish","type":"page","link":"https:\/\/pflege-nagorsen.de\/index.php\/das-pflegeleitbild\/","title":{"rendered":"Das Pflegeleitbild"},"content":{"rendered":"\t\t<div data-elementor-type=\"wp-page\" data-elementor-id=\"66\" class=\"elementor elementor-66\">\n\t\t\t\t\t\t<section class=\"elementor-section elementor-top-section elementor-element elementor-element-a6f3285 elementor-section-boxed elementor-section-height-default elementor-section-height-default\" data-id=\"a6f3285\" data-element_type=\"section\">\n\t\t\t\t\t\t<div class=\"elementor-container elementor-column-gap-default\">\n\t\t\t\t\t<div class=\"elementor-column elementor-col-100 elementor-top-column elementor-element elementor-element-cc6feee\" data-id=\"cc6feee\" data-element_type=\"column\">\n\t\t\t<div class=\"elementor-widget-wrap elementor-element-populated\">\n\t\t\t\t\t\t<div class=\"elementor-element elementor-element-e83ee6c elementor-widget elementor-widget-image\" data-id=\"e83ee6c\" data-element_type=\"widget\" data-widget_type=\"image.default\">\n\t\t\t\t<div class=\"elementor-widget-container\">\n\t\t\t\t\t\t\t\t\t\t\t\t\t\t\t<img fetchpriority=\"high\" decoding=\"async\" width=\"1920\" height=\"1280\" src=\"https:\/\/pflege-nagorsen.de\/wp-content\/uploads\/2025\/08\/AdobeStock_8858432941920px.jpg\" class=\"attachment-2048x2048 size-2048x2048 wp-image-23\" alt=\"\" srcset=\"https:\/\/pflege-nagorsen.de\/wp-content\/uploads\/2025\/08\/AdobeStock_8858432941920px.jpg 1920w, https:\/\/pflege-nagorsen.de\/wp-content\/uploads\/2025\/08\/AdobeStock_8858432941920px-300x200.jpg 300w, https:\/\/pflege-nagorsen.de\/wp-content\/uploads\/2025\/08\/AdobeStock_8858432941920px-1024x683.jpg 1024w, https:\/\/pflege-nagorsen.de\/wp-content\/uploads\/2025\/08\/AdobeStock_8858432941920px-768x512.jpg 768w, https:\/\/pflege-nagorsen.de\/wp-content\/uploads\/2025\/08\/AdobeStock_8858432941920px-1536x1024.jpg 1536w, https:\/\/pflege-nagorsen.de\/wp-content\/uploads\/2025\/08\/AdobeStock_8858432941920px-1000x667.jpg 1000w, https:\/\/pflege-nagorsen.de\/wp-content\/uploads\/2025\/08\/AdobeStock_8858432941920px-230x153.jpg 230w, https:\/\/pflege-nagorsen.de\/wp-content\/uploads\/2025\/08\/AdobeStock_8858432941920px-350x233.jpg 350w, https:\/\/pflege-nagorsen.de\/wp-content\/uploads\/2025\/08\/AdobeStock_8858432941920px-480x320.jpg 480w\" sizes=\"(max-width: 1920px) 100vw, 1920px\" \/>\t\t\t\t\t\t\t\t\t\t\t\t\t\t\t<\/div>\n\t\t\t\t<\/div>\n\t\t\t\t\t<\/div>\n\t\t<\/div>\n\t\t\t\t\t<\/div>\n\t\t<\/section>\n\t\t\t\t<section class=\"elementor-section elementor-top-section elementor-element elementor-element-258344d elementor-section-boxed elementor-section-height-default elementor-section-height-default\" data-id=\"258344d\" data-element_type=\"section\">\n\t\t\t\t\t\t<div class=\"elementor-container elementor-column-gap-default\">\n\t\t\t\t\t<div class=\"elementor-column elementor-col-100 elementor-top-column elementor-element elementor-element-24b3fb5\" data-id=\"24b3fb5\" data-element_type=\"column\">\n\t\t\t<div class=\"elementor-widget-wrap elementor-element-populated\">\n\t\t\t\t\t\t<div class=\"elementor-element elementor-element-a23ebe4 elementor-widget elementor-widget-text-editor\" data-id=\"a23ebe4\" data-element_type=\"widget\" data-widget_type=\"text-editor.default\">\n\t\t\t\t<div class=\"elementor-widget-container\">\n\t\t\t\t\t\t\t\t\t<h4><span style=\"color: #ffffff;\"><strong>Der Pflegedienst Nagorsen &amp; Co. GmbH<\/strong><\/span><\/h4><h5><span style=\"color: #00ccff;\"><strong>(<u>N<\/u>achbarschaftliche <u>A<\/u>ltenpflege und <u>G<\/u>eriatrisch <u>O<\/u>ffene <u>R<\/u>ehabilitation f\u00fcr <u>SEN<\/u>ioren)<\/strong><\/span><br \/>verfolgt das Ziel, pflegebed\u00fcrftige Menschen in ihrem Alltag so zu begleiten und zu unterst\u00fctzen, dass ihre Eigenst\u00e4ndigkeit gewahrt und ihre W\u00fcrde respektiert wird.<\/h5><ul><li><h5>Wir st\u00fctzen uns dabei auf das Pflegemodell von Frau Prof. Monika Krohwinkel, die dieses 1984 entwickelte Modell 1991 in einer wissenschaftlichen Studie an Apoplexiekranken und deren Bezugspersonen erprobte und weiterentwickelte.<\/h5><\/li><li><h5>Monika Krohwinkel betrachtet den Menschen \u2013 ob Patient oder Bezugspflegeperson \u2013 als ganzheitliches Wesen, dass durch Erfahrungen gepr\u00e4gt und in der Lage ist, sich zu entwickeln, zu wachsen und sich selbst zu verwirklichen, solange es lebt.<\/h5><\/li><li><h5>So orientiert sich ihr Pflegemodell an den Aktivit\u00e4ten und existenziellen Erfahrungen des Lebens. Bereiche, die sich wechselseitig beeinflussen und v\u00f6llig gleichwertig zu betrachten sind. Dieses Pflegemodell ist auch wesentlicher Bestandteil unserer Altenpflegeausbildung (Ausbildungsprozesse zu planen, zu koordinieren, zu gestalten, zu analysieren, zu beurteilen und zu dokumentieren).<\/h5><\/li><li><h5>Durch die strukturierte Informationssammlung, bei der die Beobachtung im Vordergrund steht, erf\u00e4hrt der Einstieg in den Pflegeprozess eine individuelle Ma\u00dfnahmenplanung.<\/h5><\/li><li><h5>Grundlage f\u00fcr diesen Prozess sind die erstellten Expertenstandards des deutschen Netzwerks f\u00fcr Qualit\u00e4tssicherung in der Pflege.<\/h5><\/li><li><h5>Wir sehen es als unsere Aufgabe, das Wohlbefinden, die Lebensqualit\u00e4t und die Unabh\u00e4ngigkeit in all diesen Bereichen f\u00fcr pflegebed\u00fcrftige Menschen zu erhalten, zu f\u00f6rdern und wenn m\u00f6glich wiederherzustellen.<\/h5><\/li><li><h5>Im Mittelpunkt unserer T\u00e4tigkeit steht der Mensch als ganzheitliches Wesen und nicht nur die jeweiligen Defizite. Es ist uns wichtig, Angeh\u00f6rige, Freunde und Bekannte als wichtiges soziales Umfeld in das pflegerische Tun einzubeziehen und als m\u00f6gliche Ressource zu gewinnen. Wir streben eine vertrauensvolle Beziehung mit unseren Pflegekunden an, eine Ebene, die uns den ganzen Menschen in seiner Vergangenheit, Gegenwart und Zukunft sehen l\u00e4sst.<\/h5><\/li><li><h5>Wir m\u00f6chten W\u00fcnsche, Hoffnungen, St\u00e4rken, \u00c4ngste und Schw\u00e4chen in unserer Begegnung und den Umgang der zu pflegenden Menschen einflie\u00dfen lassen. Es ist uns wichtig, nicht nur auf physische, sondern auch auf psychische Bed\u00fcrfnisse einzugehen, Menschen zu tr\u00f6sten, ihnen Mut zu machen und sie zu halten, wenn es notwendig erscheint.<\/h5><\/li><li><h5>Die Verfolgung eines ganzheitlichen Ansatzes ist gleichbedeutend mit dem Aufbau einer von Vertrauen gepr\u00e4gten Beziehung zwischen Pflegekunde und Pflegekraft. Um diesem Gerecht zu werden, sind wir bestrebt, alle Dienste im Rahmen einer Bezugspflege durchzuf\u00fchren. Die Anzahl der Pflegekr\u00e4fte ist auf maximal 3-4 Personen beschr\u00e4nkt. Zudem wird jedem Pflegekunden eine \u00fcbergeordnete Bezugsperson zugeordnet. Diese wird im Stammblatt namentlich aufgef\u00fchrt.<\/h5><\/li><li><h5>Dabei versteht es sich von selbst, dass unsere Arbeit transparent ist und die Pflegeleistungen genau \u00fcberpr\u00fcft werden k\u00f6nnen.<\/h5><\/li><li><h5>Ma\u00dfnahmen werden nach individueller Planung erbracht. Die genaue Darlegung der einzelnen Schritte bindet auch die Sichtweisen der pflegebed\u00fcrftigen Person und ggf. der Angeh\u00f6rigen mit ein.<\/h5><\/li><li><h5>Wir hoffen und w\u00fcnschen, dass dieser st\u00e4ndig \u00fcberarbeitete Zyklus zu einer vertrauensvollen Zusammenarbeit f\u00fchrt, die unseren Pflegekunden einen w\u00fcrdevollen und angenehmen Lebensabend erm\u00f6glichen.<\/h5><\/li><\/ul>\t\t\t\t\t\t\t\t<\/div>\n\t\t\t\t<\/div>\n\t\t\t\t\t<\/div>\n\t\t<\/div>\n\t\t\t\t\t<\/div>\n\t\t<\/section>\n\t\t\t\t<\/div>\n\t\t","protected":false},"excerpt":{"rendered":"<p>Der Pflegedienst Nagorsen &amp; Co. GmbH (Nachbarschaftliche Altenpflege und Geriatrisch Offene Rehabilitation f\u00fcr SENioren)verfolgt das Ziel, pflegebed\u00fcrftige Menschen in ihrem Alltag so [&hellip;]<\/p>\n","protected":false},"author":1,"featured_media":0,"parent":0,"menu_order":0,"comment_status":"closed","ping_status":"closed","template":"","meta":{"footnotes":""},"class_list":["post-66","page","type-page","status-publish","hentry"],"aioseo_notices":[],"_links":{"self":[{"href":"https:\/\/pflege-nagorsen.de\/index.php\/wp-json\/wp\/v2\/pages\/66","targetHints":{"allow":["GET"]}}],"collection":[{"href":"https:\/\/pflege-nagorsen.de\/index.php\/wp-json\/wp\/v2\/pages"}],"about":[{"href":"https:\/\/pflege-nagorsen.de\/index.php\/wp-json\/wp\/v2\/types\/page"}],"author":[{"embeddable":true,"href":"https:\/\/pflege-nagorsen.de\/index.php\/wp-json\/wp\/v2\/users\/1"}],"replies":[{"embeddable":true,"href":"https:\/\/pflege-nagorsen.de\/index.php\/wp-json\/wp\/v2\/comments?post=66"}],"version-history":[{"count":7,"href":"https:\/\/pflege-nagorsen.de\/index.php\/wp-json\/wp\/v2\/pages\/66\/revisions"}],"predecessor-version":[{"id":256,"href":"https:\/\/pflege-nagorsen.de\/index.php\/wp-json\/wp\/v2\/pages\/66\/revisions\/256"}],"wp:attachment":[{"href":"https:\/\/pflege-nagorsen.de\/index.php\/wp-json\/wp\/v2\/media?parent=66"}],"curies":[{"name":"wp","href":"https:\/\/api.w.org\/{rel}","templated":true}]}}

<div data-elementor-type="wp-page" data-elementor-id="66" class="elementor elementor-66">
						<section class="elementor-section elementor-top-section elementor-element elementor-element-a6f3285 elementor-section-boxed elementor-section-height-default elementor-section-height-default" data-id="a6f3285" data-element_type="section">
						<div class="elementor-container elementor-column-gap-default">
					<div class="elementor-column elementor-col-100 elementor-top-column elementor-element elementor-element-cc6feee" data-id="cc6feee" data-element_type="column">
			<div class="elementor-widget-wrap elementor-element-populated">
						<div class="elementor-element elementor-element-e83ee6c elementor-widget elementor-widget-image" data-id="e83ee6c" data-element_type="widget" data-widget_type="image.default">
				<div class="elementor-widget-container">
															<img fetchpriority="high" decoding="async" width="1920" height="1280" src="https://pflege-nagorsen.de/wp-content/uploads/2025/08/AdobeStock_8858432941920px.jpg" class="attachment-2048x2048 size-2048x2048 wp-image-23" alt="" srcset="https://pflege-nagorsen.de/wp-content/uploads/2025/08/AdobeStock_8858432941920px.jpg 1920w, https://pflege-nagorsen.de/wp-content/uploads/2025/08/AdobeStock_8858432941920px-300x200.jpg 300w, https://pflege-nagorsen.de/wp-content/uploads/2025/08/AdobeStock_8858432941920px-1024x683.jpg 1024w, https://pflege-nagorsen.de/wp-content/uploads/2025/08/AdobeStock_8858432941920px-768x512.jpg 768w, https://pflege-nagorsen.de/wp-content/uploads/2025/08/AdobeStock_8858432941920px-1536x1024.jpg 1536w, https://pflege-nagorsen.de/wp-content/uploads/2025/08/AdobeStock_8858432941920px-1000x667.jpg 1000w, https://pflege-nagorsen.de/wp-content/uploads/2025/08/AdobeStock_8858432941920px-230x153.jpg 230w, https://pflege-nagorsen.de/wp-content/uploads/2025/08/AdobeStock_8858432941920px-350x233.jpg 350w, https://pflege-nagorsen.de/wp-content/uploads/2025/08/AdobeStock_8858432941920px-480x320.jpg 480w" sizes="(max-width: 1920px) 100vw, 1920px" />															</div>
				</div>
					</div>
		</div>
					</div>
		</section>
				<section class="elementor-section elementor-top-section elementor-element elementor-element-258344d elementor-section-boxed elementor-section-height-default elementor-section-height-default" data-id="258344d" data-element_type="section">
						<div class="elementor-container elementor-column-gap-default">
					<div class="elementor-column elementor-col-100 elementor-top-column elementor-element elementor-element-24b3fb5" data-id="24b3fb5" data-element_type="column">
			<div class="elementor-widget-wrap elementor-element-populated">
						<div class="elementor-element elementor-element-a23ebe4 elementor-widget elementor-widget-text-editor" data-id="a23ebe4" data-element_type="widget" data-widget_type="text-editor.default">
				<div class="elementor-widget-container">
									<h4><span style="color: #ffffff;"><strong>Der Pflegedienst Nagorsen &amp; Co. GmbH</strong></span></h4><h5><span style="color: #00ccff;"><strong>(<u>N</u>achbarschaftliche <u>A</u>ltenpflege und <u>G</u>eriatrisch <u>O</u>ffene <u>R</u>ehabilitation für <u>SEN</u>ioren)</strong></span><br />verfolgt das Ziel, pflegebedürftige Menschen in ihrem Alltag so zu begleiten und zu unterstützen, dass ihre Eigenständigkeit gewahrt und ihre Würde respektiert wird.</h5><ul><li><h5>Wir stützen uns dabei auf das Pflegemodell von Frau Prof. Monika Krohwinkel, die dieses 1984 entwickelte Modell 1991 in einer wissenschaftlichen Studie an Apoplexiekranken und deren Bezugspersonen erprobte und weiterentwickelte.</h5></li><li><h5>Monika Krohwinkel betrachtet den Menschen – ob Patient oder Bezugspflegeperson – als ganzheitliches Wesen, dass durch Erfahrungen geprägt und in der Lage ist, sich zu entwickeln, zu wachsen und sich selbst zu verwirklichen, solange es lebt.</h5></li><li><h5>So orientiert sich ihr Pflegemodell an den Aktivitäten und existenziellen Erfahrungen des Lebens. Bereiche, die sich wechselseitig beeinflussen und völlig gleichwertig zu betrachten sind. Dieses Pflegemodell ist auch wesentlicher Bestandteil unserer Altenpflegeausbildung (Ausbildungsprozesse zu planen, zu koordinieren, zu gestalten, zu analysieren, zu beurteilen und zu dokumentieren).</h5></li><li><h5>Durch die strukturierte Informationssammlung, bei der die Beobachtung im Vordergrund steht, erfährt der Einstieg in den Pflegeprozess eine individuelle Maßnahmenplanung.</h5></li><li><h5>Grundlage für diesen Prozess sind die erstellten Expertenstandards des deutschen Netzwerks für Qualitätssicherung in der Pflege.</h5></li><li><h5>Wir sehen es als unsere Aufgabe, das Wohlbefinden, die Lebensqualität und die Unabhängigkeit in all diesen Bereichen für pflegebedürftige Menschen zu erhalten, zu fördern und wenn möglich wiederherzustellen.</h5></li><li><h5>Im Mittelpunkt unserer Tätigkeit steht der Mensch als ganzheitliches Wesen und nicht nur die jeweiligen Defizite. Es ist uns wichtig, Angehörige, Freunde und Bekannte als wichtiges soziales Umfeld in das pflegerische Tun einzubeziehen und als mögliche Ressource zu gewinnen. Wir streben eine vertrauensvolle Beziehung mit unseren Pflegekunden an, eine Ebene, die uns den ganzen Menschen in seiner Vergangenheit, Gegenwart und Zukunft sehen lässt.</h5></li><li><h5>Wir möchten Wünsche, Hoffnungen, Stärken, Ängste und Schwächen in unserer Begegnung und den Umgang der zu pflegenden Menschen einfließen lassen. Es ist uns wichtig, nicht nur auf physische, sondern auch auf psychische Bedürfnisse einzugehen, Menschen zu trösten, ihnen Mut zu machen und sie zu halten, wenn es notwendig erscheint.</h5></li><li><h5>Die Verfolgung eines ganzheitlichen Ansatzes ist gleichbedeutend mit dem Aufbau einer von Vertrauen geprägten Beziehung zwischen Pflegekunde und Pflegekraft. Um diesem Gerecht zu werden, sind wir bestrebt, alle Dienste im Rahmen einer Bezugspflege durchzuführen. Die Anzahl der Pflegekräfte ist auf maximal 3-4 Personen beschränkt. Zudem wird jedem Pflegekunden eine übergeordnete Bezugsperson zugeordnet. Diese wird im Stammblatt namentlich aufgeführt.</h5></li><li><h5>Dabei versteht es sich von selbst, dass unsere Arbeit transparent ist und die Pflegeleistungen genau überprüft werden können.</h5></li><li><h5>Maßnahmen werden nach individueller Planung erbracht. Die genaue Darlegung der einzelnen Schritte bindet auch die Sichtweisen der pflegebedürftigen Person und ggf. der Angehörigen mit ein.</h5></li><li><h5>Wir hoffen und wünschen, dass dieser ständig überarbeitete Zyklus zu einer vertrauensvollen Zusammenarbeit führt, die unseren Pflegekunden einen würdevollen und angenehmen Lebensabend ermöglichen.</h5></li></ul>								</div>
				</div>
					</div>
		</div>
					</div>
		</section>
				</div>

<p>Der Pflegedienst Nagorsen &amp; Co. GmbH (Nachbarschaftliche Altenpflege und Geriatrisch Offene Rehabilitation für SENioren)verfolgt das Ziel, pflegebedürftige Menschen in ihrem Alltag so [&hellip;]</p>
